{"id":779,"date":"2018-10-28T11:11:24","date_gmt":"2018-10-28T14:11:24","guid":{"rendered":"http:\/\/segundosilva.com.ar\/segundosilva\/?page_id=779"},"modified":"2019-08-07T11:48:50","modified_gmt":"2019-08-07T14:48:50","slug":"capacitacion-ere","status":"publish","type":"page","link":"https:\/\/segundosilva.com.ar\/segundosilva\/?page_id=779","title":{"rendered":"Capacitaci\u00f3n ERE"},"content":{"rendered":"<p><a href=\"http:\/\/segundosilva.com.ar\/segundosilva\/wp-content\/uploads\/2018\/11\/1eras-Consignas-Capacitacion-ERE.pdf\">1eras Consignas Capacitaci\u00f3n ERE<\/a><\/p>\n<p><a href=\"http:\/\/segundosilva.com.ar\/segundosilva\/wp-content\/uploads\/2018\/11\/2das-Consignas-Capacitacion-ERE.pdf\">2das Consignas Capacitaci\u00f3n ERE<\/a><\/p>\n<p><a href=\"http:\/\/segundosilva.com.ar\/segundosilva\/wp-content\/uploads\/2018\/12\/Mirando-mi-experiencia-de-fe.pdf\">Mirando mi experiencia de fe<\/a><\/p>\n<p><a href=\"http:\/\/segundosilva.com.ar\/segundosilva\/wp-content\/uploads\/2018\/11\/3ras-Consignas-Capacitacion-ERE.pdf\">3ras Consignas Capacitaci\u00f3n ERE<\/a><\/p>\n<p><a href=\"http:\/\/segundosilva.com.ar\/segundosilva\/wp-content\/uploads\/2019\/02\/Rastreando-mis-encuentros-con-el-Misterio.pdf\">Rastreando mis encuentros con el Misterio<\/a><\/p>\n<p><a href=\"http:\/\/segundosilva.com.ar\/segundosilva\/wp-content\/uploads\/2019\/02\/Valles-Carlos-Dejar-a-dios-ser-dios.pdf\">Vall\u00e9s, Carlos &#8211; Dejar a Dios ser Dios<\/a><\/p>\n<p><a href=\"http:\/\/segundosilva.com.ar\/segundosilva\/wp-content\/uploads\/2019\/02\/Clasificaciones-de-las-Religiones.pdf\">Clasificaciones de las Religiones<\/a><\/p>\n<p><a href=\"http:\/\/segundosilva.com.ar\/segundosilva\/wp-content\/uploads\/2019\/02\/4tas-Consignas-Capacitacion-ERE.pdf\">4tas Consignas Capacitaci\u00f3n ERE<\/a><\/p>\n<p><a href=\"http:\/\/segundosilva.com.ar\/segundosilva\/wp-content\/uploads\/2019\/03\/Evolucion-de-la-Escuela-Catolica-y-la-formacion-religiosa.pdf\">Evoluci\u00f3n de la Escuela Cat\u00f3lica y la formaci\u00f3n religiosa en el aula<\/a><\/p>\n<p><a href=\"http:\/\/segundosilva.com.ar\/segundosilva\/wp-content\/uploads\/2019\/03\/5tas-Consignas-Capacitacion-ERE.pdf\">5tas Consignas Capacitaci\u00f3n ERE<\/a><\/p>\n<p><a href=\"http:\/\/segundosilva.com.ar\/segundosilva\/wp-content\/uploads\/2019\/08\/Resumen-de-lo-abordado.pdf\">Resumen de lo abordado<\/a><\/p>\n<p><a href=\"http:\/\/segundosilva.com.ar\/segundosilva\/wp-content\/uploads\/2019\/08\/6tas-Consignas-Capacitacion-ERE.pdf\">6tas Consignas Capacitaci\u00f3n ERE<\/a><\/p>\n\n\n<blockquote style=\"text-align:right\" class=\"wp-block-quote\"><p><em>\u201cLa pastoral en clave de misi\u00f3n pretende abandonar el c\u00f3modo criterio pastoral del <\/em>\u2018siempre se ha hecho as\u00ed\u2019.<\/p><p><em>Invito a todos a <\/em><strong><em>ser audaces y creativos en esta tarea de repensar <\/em><\/strong><em>los objetivos, las estructuras, el estilo y los m\u00e9todos evangelizadores de las propias comunidades\u201d <\/em><\/p><cite>Evangelii Gaudium n\u00ba 33<\/cite><\/blockquote>\n","protected":false},"excerpt":{"rendered":"<p>1eras Consignas Capacitaci\u00f3n ERE 2das Consignas Capacitaci\u00f3n ERE Mirando mi experiencia de fe 3ras Consignas Capacitaci\u00f3n ERE Rastreando mis encuentros con el Misterio Vall\u00e9s, Carlos &#8211; Dejar a Dios ser Dios Clasificaciones de las Religiones 4tas Consignas Capacitaci\u00f3n ERE Evoluci\u00f3n de la Escuela Cat\u00f3lica y la formaci\u00f3n religiosa en el aula 5tas Consignas Capacitaci\u00f3n ERE &hellip; <a href=\"https:\/\/segundosilva.com.ar\/segundosilva\/?page_id=779\" class=\"more-link\">Seguir leyendo <span class=\"screen-reader-text\">Capacitaci\u00f3n ERE<\/span> <span class=\"meta-nav\">&rarr;<\/span><\/a><\/p>\n","protected":false},"author":1,"featured_media":780,"parent":0,"menu_order":0,"comment_status":"closed","ping_status":"closed","template":"","meta":[],"_links":{"self":[{"href":"https:\/\/segundosilva.com.ar\/segundosilva\/index.php?rest_route=\/wp\/v2\/pages\/779"}],"collection":[{"href":"https:\/\/segundosilva.com.ar\/segundosilva\/index.php?rest_route=\/wp\/v2\/pages"}],"about":[{"href":"https:\/\/segundosilva.com.ar\/segundosilva\/index.php?rest_route=\/wp\/v2\/types\/page"}],"author":[{"embeddable":true,"href":"https:\/\/segundosilva.com.ar\/segundosilva\/index.php?rest_route=\/wp\/v2\/users\/1"}],"replies":[{"embeddable":true,"href":"https:\/\/segundosilva.com.ar\/segundosilva\/index.php?rest_route=%2Fwp%2Fv2%2Fcomments&post=779"}],"version-history":[{"count":14,"href":"https:\/\/segundosilva.com.ar\/segundosilva\/index.php?rest_route=\/wp\/v2\/pages\/779\/revisions"}],"predecessor-version":[{"id":900,"href":"https:\/\/segundosilva.com.ar\/segundosilva\/index.php?rest_route=\/wp\/v2\/pages\/779\/revisions\/900"}],"wp:featuredmedia":[{"embeddable":true,"href":"https:\/\/segundosilva.com.ar\/segundosilva\/index.php?rest_route=\/wp\/v2\/media\/780"}],"wp:attachment":[{"href":"https:\/\/segundosilva.com.ar\/segundosilva\/index.php?rest_route=%2Fwp%2Fv2%2Fmedia&parent=779"}],"curies":[{"name":"wp","href":"https:\/\/api.w.org\/{rel}","templated":true}]}}