{"id":229,"date":"2014-04-13T10:15:52","date_gmt":"2014-04-13T13:15:52","guid":{"rendered":"http:\/\/segundosilva.com.ar\/segundosilva\/?page_id=229"},"modified":"2015-10-20T22:05:48","modified_gmt":"2015-10-21T01:05:48","slug":"infancias","status":"publish","type":"page","link":"https:\/\/segundosilva.com.ar\/segundosilva\/?page_id=229","title":{"rendered":"Infancias"},"content":{"rendered":"<p><a href=\"http:\/\/segundosilva.com.ar\/segundosilva\/wp-content\/uploads\/2014\/04\/La-Convenci\u00f3n-en-tus-manos.pdf\">La Convenci\u00f3n en tus manos<\/a><\/p>\n<p><a href=\"http:\/\/segundosilva.com.ar\/segundosilva\/wp-content\/uploads\/2014\/04\/Los-ni\u00f1os-como-enemigos.doc\">Los ni\u00f1os como enemigos<\/a><\/p>\n<p><a href=\"http:\/\/segundosilva.com.ar\/segundosilva\/wp-content\/uploads\/2014\/04\/Limites-o-estructra-emocional.doc\">Limites o estructra emocional<\/a><\/p>\n<p><a href=\"http:\/\/segundosilva.com.ar\/segundosilva\/wp-content\/uploads\/2013\/06\/La-infancia-no-es-una-patologia.doc\">La infancia no es una patologia<\/a><\/p>\n<p><a href=\"http:\/\/segundosilva.com.ar\/segundosilva\/wp-content\/uploads\/2014\/04\/Derechos-del-ni\u00f1o-ante-la-muerte.doc\">Derechos del ni\u00f1o ante la muerte<\/a><\/p>\n","protected":false},"excerpt":{"rendered":"<p>La Convenci\u00f3n en tus manos Los ni\u00f1os como enemigos Limites o estructra emocional La infancia no es una patologia Derechos del ni\u00f1o ante la muerte<\/p>\n","protected":false},"author":1,"featured_media":312,"parent":0,"menu_order":0,"comment_status":"closed","ping_status":"closed","template":"","meta":[],"_links":{"self":[{"href":"https:\/\/segundosilva.com.ar\/segundosilva\/index.php?rest_route=\/wp\/v2\/pages\/229"}],"collection":[{"href":"https:\/\/segundosilva.com.ar\/segundosilva\/index.php?rest_route=\/wp\/v2\/pages"}],"about":[{"href":"https:\/\/segundosilva.com.ar\/segundosilva\/index.php?rest_route=\/wp\/v2\/types\/page"}],"author":[{"embeddable":true,"href":"https:\/\/segundosilva.com.ar\/segundosilva\/index.php?rest_route=\/wp\/v2\/users\/1"}],"replies":[{"embeddable":true,"href":"https:\/\/segundosilva.com.ar\/segundosilva\/index.php?rest_route=%2Fwp%2Fv2%2Fcomments&post=229"}],"version-history":[{"count":5,"href":"https:\/\/segundosilva.com.ar\/segundosilva\/index.php?rest_route=\/wp\/v2\/pages\/229\/revisions"}],"predecessor-version":[{"id":432,"href":"https:\/\/segundosilva.com.ar\/segundosilva\/index.php?rest_route=\/wp\/v2\/pages\/229\/revisions\/432"}],"wp:featuredmedia":[{"embeddable":true,"href":"https:\/\/segundosilva.com.ar\/segundosilva\/index.php?rest_route=\/wp\/v2\/media\/312"}],"wp:attachment":[{"href":"https:\/\/segundosilva.com.ar\/segundosilva\/index.php?rest_route=%2Fwp%2Fv2%2Fmedia&parent=229"}],"curies":[{"name":"wp","href":"https:\/\/api.w.org\/{rel}","templated":true}]}}

<p><a href="http://segundosilva.com.ar/segundosilva/wp-content/uploads/2014/04/La-Convención-en-tus-manos.pdf">La Convención en tus manos</a></p>
<p><a href="http://segundosilva.com.ar/segundosilva/wp-content/uploads/2014/04/Los-niños-como-enemigos.doc">Los niños como enemigos</a></p>
<p><a href="http://segundosilva.com.ar/segundosilva/wp-content/uploads/2014/04/Limites-o-estructra-emocional.doc">Limites o estructra emocional</a></p>
<p><a href="http://segundosilva.com.ar/segundosilva/wp-content/uploads/2013/06/La-infancia-no-es-una-patologia.doc">La infancia no es una patologia</a></p>
<p><a href="http://segundosilva.com.ar/segundosilva/wp-content/uploads/2014/04/Derechos-del-niño-ante-la-muerte.doc">Derechos del niño ante la muerte</a></p>

<p>La Convención en tus manos Los niños como enemigos Limites o estructra emocional La infancia no es una patologia Derechos del niño ante la muerte</p>
